{"id":207,"date":"2020-08-27T17:37:31","date_gmt":"2020-08-27T15:37:31","guid":{"rendered":"https:\/\/arvayeducational.eu\/new\/?page_id=207"},"modified":"2021-07-07T14:22:06","modified_gmt":"2021-07-07T12:22:06","slug":"solicitare-inscriere","status":"publish","type":"page","link":"https:\/\/arvayeducational.eu\/new\/solicitare-inscriere\/","title":{"rendered":"Solicitare \u00eenscriere"},"content":{"rendered":"<p style=\"text-align: center;\">\t\t<div class=\"wpsm_service_b_row\" id=\"wpsm_service_b_row_537\">\r\n\t\t\t    <div class=\"wpsm_row\">\r\n        <style>\r\n\t\t\t.wpsm_row{\r\n\t\t\t\toverflow:hidden;\r\n\t\t\t\tdisplay:block;\r\n\t\t\t\twidth:100%;\r\n\t\t\t}\r\n\t\t\t.wpsm_service_b_row{ \r\n\t\t\t\toverflow:hidden;\r\n\t\t\t\tdisplay:block;\r\n\t\t\t\twidth:100%;\r\n\t\t\t\tborder:0px solid #ddd;\r\n\t\t\t\tmargin-bottom:20px;\r\n\t\t\t}\r\n\t\t\t\t\r\n\t\t #wpsm_service_b_row_537 .wpsm_serviceBox{\r\n\t\t\tpadding: 20px 10px 20px 10px;\r\n\t\t\ttext-align: center;\r\n\t\t\ttransition: all 0.3s ease 0s;\r\n\t\t    background:#e5e5e5;\r\n\t\t\tmargin-bottom:30px;\r\n\t\t}\r\n\t\t \r\n\t\t #wpsm_service_b_row_537 .wpsm_serviceBox .wpsm_service-icon i{\r\n\t\t\tfont-size: 60px;\r\n\t\t\t color: #636363 !important;\r\n\t\t}\r\n\t\t #wpsm_service_b_row_537 .wpsm_serviceBox .wpsm_service-content h3{\r\n\t\t   color: #b51b4e !important;\r\n\t\t\tfont-size: 22px !important;\r\n\t\t\tfont-weight: 600;\r\n\t\t\t\t\t\tfont-family:'Open Sans' !important;\r\n\t\t\t\t\t   clear:inherit !important;\r\n\t\t\tline-height:1.4 !important;\r\n\t\t\tmargin-top:10px !important;\r\n\t\t\tmargin-bottom:0px !important;\r\n\t\t}\r\n\t\t #wpsm_service_b_row_537 .wpsm_serviceBox .wpsm_service-content p{\r\n\t\t   color:#7f7f7f !important;\r\n\t\t\tfont-size: 19px !important;\r\n\t\t\tline-height:1.4 !important;\r\n\t\t\t\t\t\tfont-family:'Open Sans' !important;\r\n\t\t\t\t\t\tmargin-top:10px !important;\r\n\t\t\tmargin-bottom:0px !important;\r\n\t\t\t\r\n\t\t\t\r\n\t\t}\r\n\t\t #wpsm_service_b_row_537 .wpsm_serviceBox .wpsm_read_more{\r\n\t\t   margin-top:15px;\r\n\t\t   color: #4c4c4c !important;\r\n\t\t\tfont-size: 16px !important;\r\n\t\t   background:#ffffff;\r\n\t\t\tborder: 2px solid #ffffff;\r\n\t\t\ttext-decoration: none;\r\n\t\t\tdisplay: inline-block;\r\n\t\t\tpadding: 7px 10px;\r\n\t\t   border-radius: 0;\r\n\t\t\tfont-weight: normal;\r\n\t\t\t\t\t\tfont-family:'Open Sans' !important;\r\n\t\t\t\t\t}\r\n\t\t\r\n\r\n\t\t\t\t\r\n\t\t<\/style>\r\n\t\t\t\t\t\t\t<div class=\"wpsm_col-md-6 wpsm_col-sm-6\">\r\n\t\t\t\t\t\t<div class=\"wpsm_serviceBox\">\r\n\t\t\t\t\t\t\t\t\t\t\t\t\t\t\t<div class=\"wpsm_service-icon\">\r\n\t\t\t\t\t\t\t\t\t<i class=\"fa fa-newspaper-o\"><\/i>\r\n\t\t\t\t\t\t\t\t<\/div>\r\n\t\t\t\t\t\t\t\t\t\t\t\t\t\t<div class=\"wpsm_service-content\">\r\n\t\t\t\t\t\t\t\t<h3>\u00censcriere (formular \u00een limba rom\u00e2n\u0103)<\/h3>\r\n\t\t\t\t\t\t\t\t<p>\r\n\t\t\t\t\t\t\t\t\t\t\t\t\t\t\t\t\t<\/p>\r\n\t\t\t\t\t\t\t<\/div>\r\n\t\t\t\t\t\t\t\t\t\t\t\t\t\t\t\t\t\t\t\t\t\t\t\t<a href=\"https:\/\/arvayeducational.eu\/new\/solicitare-inscriere\/inscriere-formular-in-limba-romana\/\" class=\"btn btn-default wpsm_read_more\" target=\"_blank\">Solicit \u00eenscriere<\/a>\r\n\t\t\t\t\t\t\t\t\t\t\t\t\t\t<\/div>\r\n\t\t\t\t\t<\/div>\r\n\t\t\t\t\t\t\t\t\t<div class=\"wpsm_col-md-6 wpsm_col-sm-6\">\r\n\t\t\t\t\t\t<div class=\"wpsm_serviceBox\">\r\n\t\t\t\t\t\t\t\t\t\t\t\t\t\t\t<div class=\"wpsm_service-icon\">\r\n\t\t\t\t\t\t\t\t\t<i class=\"fa fa-newspaper-o\"><\/i>\r\n\t\t\t\t\t\t\t\t<\/div>\r\n\t\t\t\t\t\t\t\t\t\t\t\t\t\t<div class=\"wpsm_service-content\">\r\n\t\t\t\t\t\t\t\t<h3>\u00censcriere (formular \u00een limba maghiar\u0103)<\/h3>\r\n\t\t\t\t\t\t\t\t<p>\r\n\t\t\t\t\t\t\t\t\t\t\t\t\t\t\t\t\t<\/p>\r\n\t\t\t\t\t\t\t<\/div>\r\n\t\t\t\t\t\t\t\t\t\t\t\t\t\t\t\t\t\t\t\t\t\t\t\t<a href=\"https:\/\/arvayeducational.eu\/new\/inscriere-formular-in-limba-maghiara\/\" class=\"btn btn-default wpsm_read_more\" target=\"_blank\">Solicit \u00eenscriere<\/a>\r\n\t\t\t\t\t\t\t\t\t\t\t\t\t\t<\/div>\r\n\t\t\t\t\t<\/div>\r\n\t\t\t\t\t\t\t\t\t<\/div>\r\n\t\t\t\t\t<div class=\"wpsm_row\">\r\n\t\t\t\t\t    \t\t\r\n    <\/div>\r\n    \t\t<\/div>\r\n\t\t\r\n\t<\/p>\n<hr>\n<aside>\n<p style=\"text-align: center;\">\t\t<div class=\"wpsm_service_b_row\" id=\"wpsm_service_b_row_540\">\r\n\t\t\t<div class=\"wpsm_row\"> \r\n<style>\r\n.wpsm_row{\r\n\toverflow:hidden;\r\n\tdisplay:block;\r\n\twidth:100%;\r\n}\r\n.wpsm_service_b_row{ \r\n\toverflow:hidden;\r\n\tdisplay:block;\r\n\twidth:100%;\r\n\tborder:0px solid #ddd;\r\n\tmargin-bottom:20px;\r\n}\r\n #wpsm_service_b_row_540 .wpsm_serviceBox{\r\n\tpadding:30px 0 ;\r\n\tmargin-bottom:20px;\r\n}\r\n#wpsm_service_b_row_540 .wpsm_serviceBox .wpsm_service-icon{\r\n\tbackground:#f2dae2 !important;\r\n\theight: 70px;\r\n\twidth: 70px;\r\n\tborder-radius:50% !important;\r\n\ttext-align: center !important;\r\n\tfloat: left !important;\r\n}\r\n\r\n#wpsm_service_b_row_540 .wpsm_serviceBox .wpsm_service-icon i{\r\n\tfont-size:30px !important;\r\n\tcolor: #636363 !important;\r\n\tline-height: 70px;\r\n}\r\n   \r\n#wpsm_service_b_row_540 .wpsm_serviceBox .wpsm_service-content {\r\n\tmargin-left: 95px;\r\n}\r\n#wpsm_service_b_row_540 .wpsm_serviceBox .wpsm_service-content h3{\r\n\tcolor: #000000 !important;\r\n\tfont-size: 15px !important;\r\n\tfont-weight: 600;\r\n\t\tfont-family:'Open Sans' !important;\r\n\t\tmargin-top: 0;\r\n\tclear:inherit !important;\r\n\tline-height:1.4 !important;\r\n\tmargin-bottom:0px !important;\r\n\t\r\n}\r\n#wpsm_service_b_row_540 .wpsm_serviceBox .wpsm_service-content p{\r\n\tcolor:#7f7f7f !important;\r\n\tfont-size: 14px !important;\r\n\tline-height:1.4 !important;\r\n\t\tfont-family:'Open Sans' !important;\r\n\t\tmargin-top:10px;\r\n\tmargin-bottom:0px;\r\n\t\r\n}\r\n#wpsm_service_b_row_540 .wpsm_serviceBox .wpsm_read{\r\n\tcolor: #4c4c4c !important;\r\n\tfont-size: 14px !important;\r\n\t\tfont-family:'Open Sans' !important;\r\n\t\ttext-decoration: none;\r\n\tborder-bottom: 1px solid;\r\n\t margin-top:15px;\r\n\t display: inline-block;\r\n}\r\n<\/style>\r\n\r\n\t\t\t\r\n\t\t\t\t<div class=\"wpsm_col-md-3 wpsm_col-sm-6\">\r\n                    <div class=\"wpsm_serviceBox\">\r\n\t\t\t\t\t\t                       \r\n\t\t\t\t\t\t\t<div class=\"wpsm_service-icon\">\r\n\t\t\t\t\t\t\t\t<i class=\"fa fa-pencil-square-o\"><\/i>\r\n\t\t\t\t\t\t\t<\/div>\r\n\t\t\t\t\t\t                        <div class=\"wpsm_service-content\">\r\n                            <h3>Test online de limba englez\u0103<\/h3>\r\n                            <p> <\/p>\r\n                            \t\t\t\t\t\t\t\t\r\n\t\t\t\t\t\t\t<a target=\"_blank\" href=\"https:\/\/arvayeducational.eu\/new\/quiz\/english-test\/\" class=\"wpsm_read\">Testare                                \r\n                            <\/a>\r\n\t\t\t\t\t\t\t                        <\/div>\r\n                    <\/div>\r\n                <\/div>\r\n\r\n\t\t\t\t\r\n\t\t\t\t<div class=\"wpsm_col-md-3 wpsm_col-sm-6\">\r\n                    <div class=\"wpsm_serviceBox\">\r\n\t\t\t\t\t\t                       \r\n\t\t\t\t\t\t\t<div class=\"wpsm_service-icon\">\r\n\t\t\t\t\t\t\t\t<i class=\"fa fa-pencil-square-o\"><\/i>\r\n\t\t\t\t\t\t\t<\/div>\r\n\t\t\t\t\t\t                        <div class=\"wpsm_service-content\">\r\n                            <h3>Test online de limba maghiar\u0103 (\u00eencep\u0103tori)<\/h3>\r\n                            <p> <\/p>\r\n                            \t\t\t\t\t\t\t\t\r\n\t\t\t\t\t\t\t<a target=\"_blank\" href=\"https:\/\/arvayeducational.eu\/new\/quiz\/test-online-de-limba-maghiara-incepatori\/\" class=\"wpsm_read\">Testare                                \r\n                            <\/a>\r\n\t\t\t\t\t\t\t                        <\/div>\r\n                    <\/div>\r\n                <\/div>\r\n\r\n\t\t\t\t\r\n\t\t\t\t<div class=\"wpsm_col-md-3 wpsm_col-sm-6\">\r\n                    <div class=\"wpsm_serviceBox\">\r\n\t\t\t\t\t\t                       \r\n\t\t\t\t\t\t\t<div class=\"wpsm_service-icon\">\r\n\t\t\t\t\t\t\t\t<i class=\"fa fa-pencil-square-o\"><\/i>\r\n\t\t\t\t\t\t\t<\/div>\r\n\t\t\t\t\t\t                        <div class=\"wpsm_service-content\">\r\n                            <h3>Test online de limba maghiar\u0103 (avansa\u021bi)<\/h3>\r\n                            <p> <\/p>\r\n                            \t\t\t\t\t\t\t\t\r\n\t\t\t\t\t\t\t<a target=\"_blank\" href=\"https:\/\/arvayeducational.eu\/new\/quiz\/test-online-de-limba-maghiara-avansati\/\" class=\"wpsm_read\">Testare                                \r\n                            <\/a>\r\n\t\t\t\t\t\t\t                        <\/div>\r\n                    <\/div>\r\n                <\/div>\r\n\r\n\t\t\t\t\r\n\t\t\t\t<div class=\"wpsm_col-md-3 wpsm_col-sm-6\">\r\n                    <div class=\"wpsm_serviceBox\">\r\n\t\t\t\t\t\t                       \r\n\t\t\t\t\t\t\t<div class=\"wpsm_service-icon\">\r\n\t\t\t\t\t\t\t\t<i class=\"fa fa-pencil-square-o\"><\/i>\r\n\t\t\t\t\t\t\t<\/div>\r\n\t\t\t\t\t\t                        <div class=\"wpsm_service-content\">\r\n                            <h3>Test online de limba rom\u00e2n\u0103<\/h3>\r\n                            <p> <\/p>\r\n                            \t\t\t\t\t\t\t\t\r\n\t\t\t\t\t\t\t<a target=\"_blank\" href=\"https:\/\/arvayeducational.eu\/new\/quiz\/test-online-de-limba-romana\/\" class=\"wpsm_read\">Testare                                \r\n                            <\/a>\r\n\t\t\t\t\t\t\t                        <\/div>\r\n                    <\/div>\r\n                <\/div>\r\n\r\n\t\t\t\t\t\t\t\t\t\t<\/div>\r\n\t\t\t\t\t\t<div class=\"wpsm_row\">\r\n\t\t\t\t\t\t    \r\n\r\n<\/div>\t   \t\t<\/div>\r\n\t\t\r\n\t<\/p>\n<\/aside>\n","protected":false},"excerpt":{"rendered":"&hellip; <a href=\"https:\/\/arvayeducational.eu\/new\/?p=540\" class=\"read-more\">Citi\u021bi mai mult ... <\/a>","protected":false},"author":1,"featured_media":0,"parent":0,"menu_order":0,"comment_status":"closed","ping_status":"closed","template":"","meta":{"_acf_changed":false,"ngg_post_thumbnail":0,"footnotes":""},"class_list":["post-207","page","type-page","status-publish","hentry"],"acf":[],"_links":{"self":[{"href":"https:\/\/arvayeducational.eu\/new\/wp-json\/wp\/v2\/pages\/207","targetHints":{"allow":["GET"]}}],"collection":[{"href":"https:\/\/arvayeducational.eu\/new\/wp-json\/wp\/v2\/pages"}],"about":[{"href":"https:\/\/arvayeducational.eu\/new\/wp-json\/wp\/v2\/types\/page"}],"author":[{"embeddable":true,"href":"https:\/\/arvayeducational.eu\/new\/wp-json\/wp\/v2\/users\/1"}],"replies":[{"embeddable":true,"href":"https:\/\/arvayeducational.eu\/new\/wp-json\/wp\/v2\/comments?post=207"}],"version-history":[{"count":12,"href":"https:\/\/arvayeducational.eu\/new\/wp-json\/wp\/v2\/pages\/207\/revisions"}],"predecessor-version":[{"id":576,"href":"https:\/\/arvayeducational.eu\/new\/wp-json\/wp\/v2\/pages\/207\/revisions\/576"}],"wp:attachment":[{"href":"https:\/\/arvayeducational.eu\/new\/wp-json\/wp\/v2\/media?parent=207"}],"curies":[{"name":"wp","href":"https:\/\/api.w.org\/{rel}","templated":true}]}}