{"id":465,"date":"2021-05-14T14:54:41","date_gmt":"2021-05-14T12:54:41","guid":{"rendered":"https:\/\/arvayeducational.eu\/new\/?page_id=465"},"modified":"2026-03-23T18:19:15","modified_gmt":"2026-03-23T16:19:15","slug":"referinte-traduceri-si-interpretariat","status":"publish","type":"page","link":"https:\/\/arvayeducational.eu\/new\/portofoliu\/referinte-traduceri-si-interpretariat\/","title":{"rendered":"Referin\u021be traduceri \u0219i interpretariat"},"content":{"rendered":"\t\t<div data-elementor-type=\"wp-page\" data-elementor-id=\"465\" class=\"elementor elementor-465\" data-elementor-settings=\"{&quot;ha_cmc_init_switcher&quot;:&quot;no&quot;}\">\n\t\t\t\t\t\t<section class=\"elementor-section elementor-top-section elementor-element elementor-element-636247f elementor-section-boxed elementor-section-height-default elementor-section-height-default exad-glass-effect-no exad-sticky-section-no\" data-id=\"636247f\" data-element_type=\"section\" data-e-type=\"section\" data-settings=\"{&quot;_ha_eqh_enable&quot;:false}\">\n\t\t\t\t\t\t<div class=\"elementor-container elementor-column-gap-default\">\n\t\t\t\t\t<div class=\"elementor-column elementor-col-100 elementor-top-column elementor-element elementor-element-b3e537b exad-glass-effect-no exad-sticky-section-no\" data-id=\"b3e537b\" data-element_type=\"column\" data-e-type=\"column\">\n\t\t\t<div class=\"elementor-widget-wrap elementor-element-populated\">\n\t\t\t\t\t\t<div class=\"elementor-element elementor-element-52cf75f exad-sticky-section-no exad-glass-effect-no elementor-widget elementor-widget-image\" data-id=\"52cf75f\" data-element_type=\"widget\" data-e-type=\"widget\" data-widget_type=\"image.default\">\n\t\t\t\t<div class=\"elementor-widget-container\">\n\t\t\t\t\t\t\t\t\t\t\t\t\t\t\t<img fetchpriority=\"high\" decoding=\"async\" width=\"1180\" height=\"311\" src=\"https:\/\/arvayeducational.eu\/new\/wp-content\/uploads\/2022\/04\/Arvay_banner_2022.jpg\" class=\"attachment-full size-full wp-image-861\" alt=\"\" srcset=\"https:\/\/arvayeducational.eu\/new\/wp-content\/uploads\/2022\/04\/Arvay_banner_2022.jpg 1180w, https:\/\/arvayeducational.eu\/new\/wp-content\/uploads\/2022\/04\/Arvay_banner_2022-300x79.jpg 300w, https:\/\/arvayeducational.eu\/new\/wp-content\/uploads\/2022\/04\/Arvay_banner_2022-1024x270.jpg 1024w, https:\/\/arvayeducational.eu\/new\/wp-content\/uploads\/2022\/04\/Arvay_banner_2022-768x202.jpg 768w\" sizes=\"(max-width: 1180px) 100vw, 1180px\" \/>\t\t\t\t\t\t\t\t\t\t\t\t\t\t\t<\/div>\n\t\t\t\t<\/div>\n\t\t\t\t\t<\/div>\n\t\t<\/div>\n\t\t\t\t\t<\/div>\n\t\t<\/section>\n\t\t\t\t<section class=\"elementor-section elementor-top-section elementor-element elementor-element-9e4f4bf elementor-section-boxed elementor-section-height-default elementor-section-height-default exad-glass-effect-no exad-sticky-section-no\" data-id=\"9e4f4bf\" data-element_type=\"section\" data-e-type=\"section\" data-settings=\"{&quot;_ha_eqh_enable&quot;:false}\">\n\t\t\t\t\t\t<div class=\"elementor-container elementor-column-gap-default\">\n\t\t\t\t\t<div class=\"elementor-column elementor-col-100 elementor-top-column elementor-element elementor-element-839580f exad-glass-effect-no exad-sticky-section-no\" data-id=\"839580f\" data-element_type=\"column\" data-e-type=\"column\">\n\t\t\t<div class=\"elementor-widget-wrap elementor-element-populated\">\n\t\t\t\t\t\t<div class=\"elementor-element elementor-element-ca9e12a exad-sticky-section-no exad-glass-effect-no elementor-widget elementor-widget-html\" data-id=\"ca9e12a\" data-element_type=\"widget\" data-e-type=\"widget\" data-widget_type=\"html.default\">\n\t\t\t\t<div class=\"elementor-widget-container\">\n\t\t\t\t\t<style>\r\n    .titlu-sectiune-traduceri {\r\n        font-family: 'Open Sans', Arial, sans-serif;\r\n        font-size: 16pt;\r\n        font-weight: bold;\r\n        color: #9e4b7d;\r\n        text-align: center;\r\n        margin: 0px 0 18px 0;\r\n        padding: 10px 0 10px 0;\r\n        border-top: 2px solid #9e4b7d;\r\n        border-bottom: 2px solid #9e4b7d;\r\n        letter-spacing: 0.5px;\r\n    }\r\n<\/style>\r\n\r\n<p class=\"titlu-sectiune-traduceri\">Referin\u021be traduceri \u0219i interpretariat<\/p>\t\t\t\t<\/div>\n\t\t\t\t<\/div>\n\t\t\t\t\t<\/div>\n\t\t<\/div>\n\t\t\t\t\t<\/div>\n\t\t<\/section>\n\t\t\t\t<section class=\"elementor-section elementor-top-section elementor-element elementor-element-27b1c7e elementor-section-boxed elementor-section-height-default elementor-section-height-default exad-glass-effect-no exad-sticky-section-no\" data-id=\"27b1c7e\" data-element_type=\"section\" data-e-type=\"section\" data-settings=\"{&quot;_ha_eqh_enable&quot;:false}\">\n\t\t\t\t\t\t<div class=\"elementor-container elementor-column-gap-default\">\n\t\t\t\t\t<div class=\"elementor-column elementor-col-100 elementor-top-column elementor-element elementor-element-e1ba1cf exad-glass-effect-no exad-sticky-section-no\" data-id=\"e1ba1cf\" data-element_type=\"column\" data-e-type=\"column\">\n\t\t\t<div class=\"elementor-widget-wrap elementor-element-populated\">\n\t\t\t\t\t\t<div class=\"elementor-element elementor-element-bcf0745 exad-sticky-section-no exad-glass-effect-no elementor-widget elementor-widget-html\" data-id=\"bcf0745\" data-element_type=\"widget\" data-e-type=\"widget\" data-widget_type=\"html.default\">\n\t\t\t\t<div class=\"elementor-widget-container\">\n\t\t\t\t\t<style>\r\n    .firma-container {\r\n        margin-bottom: 25px;\r\n        font-family: 'Open Sans', Arial, sans-serif;\r\n    }\r\n    .banda-firma {\r\n        background-color: #9e4b7d;\r\n        padding: 5px 10px;\r\n        color: #ffffff;\r\n        font-weight: bold;\r\n        font-size: 10pt;\r\n    }\r\n    .banda-firma a {\r\n        color: #ffffff;\r\n        text-decoration: none;\r\n    }\r\n    .detalii-curs {\r\n        margin-top: 2px;\r\n        margin-bottom: 0;\r\n        font-size: 10pt;\r\n        color: #000000;\r\n        background-color: #ffffff;\r\n    }\r\n<\/style>\r\n\r\n<div class=\"firma-container\">\r\n    <div class=\"banda-firma\"><a href=\"#\" target=\"_blank\" rel=\"noopener\">EXTREME DIGITAL - eMAG KFT<\/a><\/div>\r\n    <p class=\"detalii-curs\">Traduceri <strong>maghiar\u0103-rom\u00e2n\u0103-englez\u0103<\/strong><\/p>\r\n<\/div>\r\n\r\n<div class=\"firma-container\">\r\n    <div class=\"banda-firma\"><a href=\"#\" target=\"_blank\" rel=\"noopener\">SOCIETATEA BIBLIC\u0102 INTERCONFESIONAL\u0102 DIN ROM\u00c2NIA<\/a><\/div>\r\n    <p class=\"detalii-curs\">Traduceri <strong>englez\u0103-rom\u00e2n\u0103<\/strong><\/p>\r\n<\/div>\r\n\r\n<div class=\"firma-container\">\r\n    <div class=\"banda-firma\"><a href=\"#\" target=\"_blank\" rel=\"noopener\">BEST LEARN CONSULTING SRL<\/a><\/div>\r\n    <p class=\"detalii-curs\">Traduceri <strong>englez\u0103-rom\u00e2n\u0103<\/strong><\/p>\r\n<\/div>\r\n\r\n<div class=\"firma-container\">\r\n    <div class=\"banda-firma\">STUDEX HUNGARY KFT.<\/div>\r\n    <p class=\"detalii-curs\">Interpretariat <strong>maghiar\u0103-rom\u00e2n\u0103<\/strong><\/p>\r\n<\/div>\r\n\r\n<div class=\"firma-container\">\r\n    <div class=\"banda-firma\"><a href=\"#\" target=\"_blank\" rel=\"noopener\">M-GLASS PRODUCTION SRL<\/a><\/div>\r\n    <p class=\"detalii-curs\">Traduceri \u0219i interpretariat <strong>maghiar\u0103-rom\u00e2n\u0103-englez\u0103<\/strong><\/p>\r\n<\/div>\r\n\r\n<div class=\"firma-container\">\r\n    <div class=\"banda-firma\">CURTEA DE APEL GALA\u021aI<\/div>\r\n    <p class=\"detalii-curs\">Traduceri <strong>maghiar\u0103-rom\u00e2n\u0103<\/strong><\/p>\r\n<\/div>\r\n\r\n<div class=\"firma-container\">\r\n    <div class=\"banda-firma\">DANTE INTERNATIONAL KFT.<\/div>\r\n    <p class=\"detalii-curs\">Traduceri <strong>rom\u00e2n\u0103-maghiar\u0103<\/strong><\/p>\r\n<\/div>\r\n\r\n<div class=\"firma-container\">\r\n    <div class=\"banda-firma\">SCA SCHOENHERR \u0218I ASOCIA\u021aII<\/div>\r\n    <p class=\"detalii-curs\">Traduceri <strong>maghiar\u0103-rom\u00e2n\u0103<\/strong><\/p>\r\n<\/div>\r\n\r\n<div class=\"firma-container\">\r\n    <div class=\"banda-firma\">KENTRO TRANSLATIONS SRL<\/div>\r\n    <p class=\"detalii-curs\">Traduceri <strong>maghiar\u0103-rom\u00e2n\u0103<\/strong><\/p>\r\n<\/div>\r\n\r\n<div class=\"firma-container\">\r\n    <div class=\"banda-firma\">PARCHETUL DE PE L\u00c2NG\u0102 JUDEC\u0102TORIA SECTORULUI 5 BUCURE\u0218TI<\/div>\r\n    <p class=\"detalii-curs\">Traduceri <strong>maghiar\u0103-rom\u00e2n\u0103<\/strong><\/p>\r\n<\/div>\r\n\r\n<div class=\"firma-container\">\r\n    <div class=\"banda-firma\">OCTAGON CONTRACTING &amp; ENGINEERING S.A.<\/div>\r\n    <p class=\"detalii-curs\">Traduceri \u0219i interpretariat <strong>maghiar\u0103-rom\u00e2n\u0103<\/strong><\/p>\r\n<\/div>\r\n\r\n<div class=\"firma-container\">\r\n    <div class=\"banda-firma\">INFINITY TROPHY TRADING S.R.L.<\/div>\r\n    <p class=\"detalii-curs\">Traduceri <strong>rom\u00e2n\u0103-maghiar\u0103<\/strong><\/p>\r\n<\/div>\r\n\r\n<div class=\"firma-container\">\r\n    <div class=\"banda-firma\">AS DOCUMENTS SRL<\/div>\r\n    <p class=\"detalii-curs\">Traduceri <strong>maghiar\u0103-rom\u00e2n\u0103<\/strong><\/p>\r\n<\/div>\r\n\r\n<div class=\"firma-container\">\r\n    <div class=\"banda-firma\">PARCHETUL DE PE L\u00c2NG\u0102 TRIBUNALUL HARGHITA<\/div>\r\n    <p class=\"detalii-curs\">Interpretariat <strong>maghiar\u0103-rom\u00e2n\u0103<\/strong><\/p>\r\n<\/div>\r\n\r\n<div class=\"firma-container\">\r\n    <div class=\"banda-firma\">Tribunalul Prahova<\/div>\r\n    <p class=\"detalii-curs\">Interpretariat <strong>maghiar\u0103-rom\u00e2n\u0103<\/strong><\/p>\r\n<\/div>\r\n\r\n<div class=\"firma-container\">\r\n    <div class=\"banda-firma\">DACRIS MITRAD COMPANY SRL<\/div>\r\n    <p class=\"detalii-curs\">Traduceri <strong>maghiar\u0103-rom\u00e2n\u0103<\/strong><\/p>\r\n<\/div>\r\n\r\n<div class=\"firma-container\">\r\n    <div class=\"banda-firma\">BFS Molecular SRL<\/div>\r\n    <p class=\"detalii-curs\">Traduceri <strong>maghiar\u0103-rom\u00e2n\u0103<\/strong><\/p>\r\n<\/div>\r\n\r\n<div class=\"firma-container\">\r\n    <div class=\"banda-firma\">Curtea de Apel Ploie\u0219ti<\/div>\r\n    <p class=\"detalii-curs\">Interpretariat <strong>maghiar\u0103-rom\u00e2n\u0103<\/strong><\/p>\r\n<\/div>\r\n\r\n<div class=\"firma-container\">\r\n    <div class=\"banda-firma\">NB NEW POSITIVE GROUP S.R.L.<\/div>\r\n    <p class=\"detalii-curs\">Traduceri <strong>maghiar\u0103-rom\u00e2n\u0103<\/strong><\/p>\r\n<\/div>\r\n\r\n<div class=\"firma-container\">\r\n    <div class=\"banda-firma\">HCV International S.R.L.<\/div>\r\n    <p class=\"detalii-curs\">Traduceri <strong>maghiar\u0103-rom\u00e2n\u0103<\/strong><\/p>\r\n<\/div>\r\n\r\n<div class=\"firma-container\">\r\n    <div class=\"banda-firma\">EAPOSTILLE EXPERT SRL<\/div>\r\n    <p class=\"detalii-curs\">Traduceri <strong>maghiar\u0103-rom\u00e2n\u0103<\/strong><\/p>\r\n<\/div>\r\n\r\n<div class=\"firma-container\">\r\n    <div class=\"banda-firma\">MICUL LORD S.R.L.<\/div>\r\n    <p class=\"detalii-curs\">Traduceri <strong>maghiar\u0103-rom\u00e2n\u0103<\/strong><\/p>\r\n<\/div>\r\n\r\n<div class=\"firma-container\">\r\n    <div class=\"banda-firma\">PRO SPORT AGENT KFT<\/div>\r\n    <p class=\"detalii-curs\">Interpretariat <strong>maghiar\u0103-rom\u00e2n\u0103<\/strong><\/p>\r\n<\/div>\r\n\r\n<div class=\"firma-container\">\r\n    <div class=\"banda-firma\">RO INTERACTIS SRL<\/div>\r\n    <p class=\"detalii-curs\">Traduceri <strong>rom\u00e2n\u0103-maghiar\u0103<\/strong><\/p>\r\n<\/div>\r\n\r\n<div class=\"firma-container\">\r\n    <div class=\"banda-firma\">Asocia\u021bia Victimelor din Accident<\/div>\r\n    <p class=\"detalii-curs\">Traduceri <strong>rom\u00e2n\u0103-maghiar\u0103<\/strong><\/p>\r\n<\/div>\r\n\r\n<div class=\"firma-container\">\r\n    <div class=\"banda-firma\">Fiber Technology Kft.<\/div>\r\n    <p class=\"detalii-curs\">Interpretariat <strong>rom\u00e2n\u0103-maghiar\u0103<\/strong><\/p>\r\n<\/div>\r\n\r\n<div class=\"firma-container\">\r\n    <div class=\"banda-firma\">Fortuna Property Management<\/div>\r\n    <p class=\"detalii-curs\">Traduceri <strong>maghiar\u0103-rom\u00e2n\u0103<\/strong><\/p>\r\n<\/div>\r\n\r\n<div class=\"firma-container\">\r\n    <div class=\"banda-firma\">ANIMA TRADE SRL<\/div>\r\n    <p class=\"detalii-curs\">Traduceri <strong>maghiar\u0103-rom\u00e2n\u0103<\/strong><\/p>\r\n<\/div>\r\n\r\n<div class=\"firma-container\">\r\n    <div class=\"banda-firma\">SCA Oancea Ciociltan \u0219i Asocia\u021bii<\/div>\r\n    <p class=\"detalii-curs\">Traduceri <strong>maghiar\u0103-rom\u00e2n\u0103<\/strong><\/p>\r\n<\/div>\r\n\r\n<div class=\"firma-container\">\r\n    <div class=\"banda-firma\">TRANSLATE STAR SRL<\/div>\r\n    <p class=\"detalii-curs\">Traduceri <strong>maghiar\u0103-rom\u00e2n\u0103<\/strong><\/p>\r\n<\/div>\r\n\r\n<div class=\"firma-container\">\r\n    <div class=\"banda-firma\">JOB START S.R.L.<\/div>\r\n    <p class=\"detalii-curs\">Traduceri <strong>maghiar\u0103-rom\u00e2n\u0103<\/strong><\/p>\r\n<\/div>\r\n\r\n<div class=\"firma-container\">\r\n    <div class=\"banda-firma\">Technomarket Communication SRL<\/div>\r\n    <p class=\"detalii-curs\">Traduceri <strong>maghiar\u0103-rom\u00e2n\u0103<\/strong><\/p>\r\n<\/div>\r\n\r\n<div class=\"firma-container\">\r\n    <div class=\"banda-firma\">GENERAL BUSINESS KLASS<\/div>\r\n    <p class=\"detalii-curs\">Traduceri <strong>maghiar\u0103-rom\u00e2n\u0103<\/strong><\/p>\r\n<\/div>\r\n\r\n<div class=\"firma-container\">\r\n    <div class=\"banda-firma\">PFA TILIHOI CAMELIA<\/div>\r\n    <p class=\"detalii-curs\">Traduceri <strong>maghiar\u0103-rom\u00e2n\u0103<\/strong><\/p>\r\n<\/div>\r\n\r\n<div class=\"firma-container\">\r\n    <div class=\"banda-firma\">Contacon VV SRL<\/div>\r\n    <p class=\"detalii-curs\">Interpretariat <strong>maghiar\u0103-rom\u00e2n\u0103<\/strong><\/p>\r\n<\/div>\r\n\r\n<div class=\"firma-container\">\r\n    <div class=\"banda-firma\">Total Parts Hungary Kereskedelmi Kft.<\/div>\r\n    <p class=\"detalii-curs\">Traduceri \u0219i interpretariat <strong>maghiar\u0103-rom\u00e2n\u0103<\/strong><\/p>\r\n<\/div>\r\n\r\n<div class=\"firma-container\">\r\n    <div class=\"banda-firma\">OTP Advisors SRL<\/div>\r\n    <p class=\"detalii-curs\">Interpretariat <strong>maghiar\u0103-rom\u00e2n\u0103<\/strong><\/p>\r\n<\/div>\r\n\r\n<div class=\"firma-container\">\r\n    <div class=\"banda-firma\">ASCENDENT ELEMENT GROUP SRL<\/div>\r\n    <p class=\"detalii-curs\">Traduceri <strong>englez\u0103-rom\u00e2n\u0103<\/strong><\/p>\r\n<\/div>\r\n\r\n<div class=\"firma-container\">\r\n    <div class=\"banda-firma\">INVESCOM M&amp;A ADVISORY SRL<\/div>\r\n    <p class=\"detalii-curs\">Traduceri <strong>maghiar\u0103-rom\u00e2n\u0103<\/strong><\/p>\r\n<\/div>\r\n\r\n<div class=\"firma-container\">\r\n    <div class=\"banda-firma\">Aritia Iagamos Cabinet Individual Auditor Financiar Expert Contabil<\/div>\r\n    <p class=\"detalii-curs\">Traduceri <strong>maghiar\u0103-rom\u00e2n\u0103<\/strong><\/p>\r\n<\/div>\r\n\r\n<div class=\"firma-container\">\r\n    <div class=\"banda-firma\">JL TROPHY TRADING S.R.L.<\/div>\r\n    <p class=\"detalii-curs\">Traduceri <strong>rom\u00e2n\u0103-maghiar\u0103<\/strong><\/p>\r\n<\/div>\r\n\r\n<div class=\"firma-container\">\r\n    <div class=\"banda-firma\">ACVA INSTAL SRL<\/div>\r\n    <p class=\"detalii-curs\">Traduceri <strong>englez\u0103-rom\u00e2n\u0103<\/strong><\/p>\r\n<\/div>\r\n\r\n<div class=\"firma-container\">\r\n    <div class=\"banda-firma\">S.C. TRANSCONSTRUCT CO. SNAGOV S.R.L.<\/div>\r\n    <p class=\"detalii-curs\">Traduceri <strong>maghiar\u0103-rom\u00e2n\u0103<\/strong><\/p>\r\n<\/div>\r\n\r\n<div class=\"firma-container\">\r\n    <div class=\"banda-firma\">LUBRICANTS DISTRIBUTION SRL<\/div>\r\n    <p class=\"detalii-curs\">Traduceri <strong>rom\u00e2n\u0103-englez\u0103<\/strong><\/p>\r\n<\/div>\r\n\r\n<div class=\"firma-container\">\r\n    <div class=\"banda-firma\">Cosma CM Calin PFA<\/div>\r\n    <p class=\"detalii-curs\">Traduceri <strong>rom\u00e2n\u0103-maghiar\u0103<\/strong><\/p>\r\n<\/div>\r\n\r\n<div class=\"firma-container\">\r\n    <div class=\"banda-firma\">Etrad Group SRL<\/div>\r\n    <p class=\"detalii-curs\">Traduceri <strong>rom\u00e2n\u0103-maghiar\u0103<\/strong><\/p>\r\n<\/div>\r\n\r\n<div class=\"firma-container\">\r\n    <div class=\"banda-firma\">ELDORADO TRAD COM SRL<\/div>\r\n    <p class=\"detalii-curs\">Traduceri <strong>rom\u00e2n\u0103-maghiar\u0103<\/strong><\/p>\r\n<\/div>\r\n\r\n<div class=\"firma-container\">\r\n    <div class=\"banda-firma\">Phylazonit SRL<\/div>\r\n    <p class=\"detalii-curs\">Traduceri <strong>maghiar\u0103-rom\u00e2n\u0103<\/strong><\/p>\r\n<\/div>\r\n\r\n<div class=\"firma-container\">\r\n    <div class=\"banda-firma\">METALINGUA TRAINING SOLUTIONS S.R.L.<\/div>\r\n    <p class=\"detalii-curs\">Traduceri <strong>maghiar\u0103-rom\u00e2n\u0103<\/strong><\/p>\r\n<\/div>\r\n\r\n<div class=\"firma-container\">\r\n    <div class=\"banda-firma\">SC LUBCOM SA Ploie\u0219ti<\/div>\r\n    <p class=\"detalii-curs\">Traduceri <strong>rom\u00e2n\u0103-maghiar\u0103<\/strong><\/p>\r\n<\/div>\r\n\r\n<div class=\"firma-container\">\r\n    <div class=\"banda-firma\">LIGHTHOUSE TRANSLATIONS<\/div>\r\n    <p class=\"detalii-curs\">Traduceri <strong>maghiar\u0103-rom\u00e2n\u0103<\/strong><\/p>\r\n<\/div>\r\n\r\n<div class=\"firma-container\">\r\n    <div class=\"banda-firma\">SEMPER BUSINESS S.R.L.<\/div>\r\n    <p class=\"detalii-curs\">Traduceri <strong>rom\u00e2n\u0103-maghiar\u0103<\/strong><\/p>\r\n<\/div>\r\n\r\n<div class=\"firma-container\">\r\n    <div class=\"banda-firma\">S.C. EKFRASIS CONSULTING S.R.L.<\/div>\r\n    <p class=\"detalii-curs\">Interpretariat <strong>rom\u00e2n\u0103-maghiar\u0103<\/strong><\/p>\r\n<\/div>\r\n\r\n<div class=\"firma-container\">\r\n    <div class=\"banda-firma\">Ianus SRL<\/div>\r\n    <p class=\"detalii-curs\">Traduceri <strong>englez\u0103-rom\u00e2n\u0103<\/strong><\/p>\r\n<\/div>\r\n\r\n<div class=\"firma-container\">\r\n    <div class=\"banda-firma\">Biopet Trading SRL<\/div>\r\n    <p class=\"detalii-curs\">Traduceri <strong>rom\u00e2n\u0103-maghiar\u0103-englez\u0103<\/strong><\/p>\r\n<\/div>\r\n\r\n<div class=\"firma-container\">\r\n    <div class=\"banda-firma\">GRUPPO DAMIDIO SA<\/div>\r\n    <p class=\"detalii-curs\">Traduceri <strong>maghiar\u0103-rom\u00e2n\u0103<\/strong><\/p>\r\n<\/div>\r\n\r\n<div class=\"firma-container\">\r\n    <div class=\"banda-firma\">TRADUCEMBINE S.R.L.<\/div>\r\n    <p class=\"detalii-curs\">Traduceri <strong>maghiar\u0103-englez\u0103<\/strong><\/p>\r\n<\/div>\r\n\r\n<div class=\"firma-container\">\r\n    <div class=\"banda-firma\">FEDERA\u021aIA ROM\u00c2N\u0102 DE TIR CU ARCUL<\/div>\r\n    <p class=\"detalii-curs\">Traduceri <strong>maghiar\u0103-rom\u00e2n\u0103<\/strong><\/p>\r\n<\/div>\r\n\r\n<div class=\"firma-container\">\r\n    <div class=\"banda-firma\">REMEDIA DID SRL<\/div>\r\n    <p class=\"detalii-curs\">Traduceri <strong>englez\u0103-rom\u00e2n\u0103<\/strong><\/p>\r\n<\/div>\r\n\r\n<div class=\"firma-container\">\r\n    <div class=\"banda-firma\">PIRI-PAP SERVCONTAB S.R.L.<\/div>\r\n    <p class=\"detalii-curs\">Traduceri <strong>rom\u00e2n\u0103-maghiar\u0103<\/strong><\/p>\r\n<\/div>\r\n\r\n<div class=\"firma-container\">\r\n    <div class=\"banda-firma\">ATEGRA CONSULTING SRL<\/div>\r\n    <p class=\"detalii-curs\">Traduceri <strong>rom\u00e2n\u0103-maghiar\u0103<\/strong><\/p>\r\n<\/div>\r\n\r\n<div class=\"firma-container\">\r\n    <div class=\"banda-firma\">IAC Management SRL<\/div>\r\n    <p class=\"detalii-curs\">Traduceri <strong>rom\u00e2n\u0103-maghiar\u0103<\/strong><\/p>\r\n<\/div>\r\n\r\n<div class=\"firma-container\">\r\n    <div class=\"banda-firma\">TECTO ARHITECTURA SRL<\/div>\r\n    <p class=\"detalii-curs\">Lecturare <strong>rom\u00e2n\u0103-englez\u0103<\/strong><\/p>\r\n<\/div>\r\n\r\n<div class=\"firma-container\">\r\n    <div class=\"banda-firma\">U.A.U.I.M. Bucure\u0219ti<\/div>\r\n    <p class=\"detalii-curs\">Lectorare <strong>rom\u00e2n\u0103-englez\u0103<\/strong><\/p>\r\n<\/div>\r\n\r\n<div class=\"firma-container\">\r\n    <div class=\"banda-firma\">PAPER ISLAND ROMANIA SRL<\/div>\r\n    <p class=\"detalii-curs\">Traduceri <strong>maghiar\u0103-rom\u00e2n\u0103<\/strong><\/p>\r\n<\/div>\r\n\r\n<div class=\"firma-container\">\r\n    <div class=\"banda-firma\">TNN TRANSLATION SRL<\/div>\r\n    <p class=\"detalii-curs\">Traduceri <strong>maghiar\u0103-rom\u00e2n\u0103<\/strong><\/p>\r\n<\/div>\r\n\r\n<div class=\"firma-container\">\r\n    <div class=\"banda-firma\">TELOG Kft.<\/div>\r\n    <p class=\"detalii-curs\">Traduceri <strong>englez\u0103-rom\u00e2n\u0103<\/strong><\/p>\r\n<\/div>\r\n\r\n<div class=\"firma-container\">\r\n    <div class=\"banda-firma\">VTS ROMANIA SRL<\/div>\r\n    <p class=\"detalii-curs\">Interpretariat <strong>rom\u00e2n\u0103-maghiar\u0103<\/strong><\/p>\r\n<\/div>\r\n\r\n<div class=\"firma-container\">\r\n    <div class=\"banda-firma\">OTP Factoring SRL<\/div>\r\n    <p class=\"detalii-curs\">Traduceri <strong>maghiar\u0103-englez\u0103<\/strong><\/p>\r\n<\/div>\r\n\r\n<div class=\"firma-container\">\r\n    <div class=\"banda-firma\">SC GARANT ABC MANAGEMENT SRL<\/div>\r\n    <p class=\"detalii-curs\">Traduceri <strong>rom\u00e2n\u0103-maghiar\u0103<\/strong><\/p>\r\n<\/div>\r\n\r\n<div class=\"firma-container\">\r\n    <div class=\"banda-firma\">Primagaz Romania SRL<\/div>\r\n    <p class=\"detalii-curs\">Traduceri <strong>englez\u0103-rom\u00e2n\u0103<\/strong><\/p>\r\n<\/div>\r\n\r\n<div class=\"firma-container\">\r\n    <div class=\"banda-firma\">ALMI TRADUCERI S.R.L.<\/div>\r\n    <p class=\"detalii-curs\">Traduceri <strong>maghiar\u0103-rom\u00e2n\u0103<\/strong><\/p>\r\n<\/div>\r\n\r\n<div class=\"firma-container\">\r\n    <div class=\"banda-firma\">EUROSCRIPT - CERTITUDE SRL<\/div>\r\n    <p class=\"detalii-curs\">Interpretariat <strong>rom\u00e2n\u0103-maghiar\u0103<\/strong><\/p>\r\n<\/div>\r\n\r\n<div class=\"firma-container\">\r\n    <div class=\"banda-firma\">GLOBAL COMMUNICATIONS SRL<\/div>\r\n    <p class=\"detalii-curs\">Traduceri <strong>maghiar\u0103-rom\u00e2n\u0103<\/strong><\/p>\r\n<\/div>\r\n\r\n<div class=\"firma-container\">\r\n    <div class=\"banda-firma\">M&amp;M Today SRL<\/div>\r\n    <p class=\"detalii-curs\">Traduceri <strong>englez\u0103-maghiar\u0103<\/strong><\/p>\r\n<\/div>\r\n\r\n<div class=\"firma-container\">\r\n    <div class=\"banda-firma\">K-IT OUTSOURCING SRL<\/div>\r\n    <p class=\"detalii-curs\">Traduceri <strong>rom\u00e2n\u0103-maghiar\u0103<\/strong><\/p>\r\n<\/div>\r\n\r\n<div class=\"firma-container\">\r\n    <div class=\"banda-firma\">BCR LEASING IFN SA<\/div>\r\n    <p class=\"detalii-curs\">Traduceri <strong>rom\u00e2n\u0103-maghiar\u0103<\/strong><\/p>\r\n<\/div>\t\t\t\t<\/div>\n\t\t\t\t<\/div>\n\t\t\t\t\t<\/div>\n\t\t<\/div>\n\t\t\t\t\t<\/div>\n\t\t<\/section>\n\t\t\t\t<\/div>\n\t\t","protected":false},"excerpt":{"rendered":"<p>Referin\u021be traduceri \u0219i interpretariat EXTREME DIGITAL &#8211; eMAG KFT Traduceri maghiar\u0103-rom\u00e2n\u0103-englez\u0103 SOCIETATEA BIBLIC\u0102 INTERCONFESIONAL\u0102 DIN ROM\u00c2NIA Traduceri englez\u0103-rom\u00e2n\u0103 BEST LEARN CONSULTING SRL Traduceri englez\u0103-rom\u00e2n\u0103 STUDEX HUNGARY KFT. Interpretariat maghiar\u0103-rom\u00e2n\u0103 M-GLASS PRODUCTION SRL Traduceri \u0219i interpretariat maghiar\u0103-rom\u00e2n\u0103-englez\u0103 CURTEA DE APEL GALA\u021aI Traduceri maghiar\u0103-rom\u00e2n\u0103 DANTE INTERNATIONAL KFT. Traduceri rom\u00e2n\u0103-maghiar\u0103 SCA SCHOENHERR \u0218I ASOCIA\u021aII Traduceri maghiar\u0103-rom\u00e2n\u0103 KENTRO TRANSLATIONS <a class=\"read-more-link\" href=\"https:\/\/arvayeducational.eu\/new\/portofoliu\/referinte-traduceri-si-interpretariat\/\">Citi\u021bi mai mult &#8230;<\/a><\/p>\n","protected":false},"author":1,"featured_media":0,"parent":131,"menu_order":0,"comment_status":"closed","ping_status":"closed","template":"","meta":{"_acf_changed":false,"ngg_post_thumbnail":0,"footnotes":""},"class_list":["post-465","page","type-page","status-publish","hentry"],"acf":[],"_links":{"self":[{"href":"https:\/\/arvayeducational.eu\/new\/wp-json\/wp\/v2\/pages\/465","targetHints":{"allow":["GET"]}}],"collection":[{"href":"https:\/\/arvayeducational.eu\/new\/wp-json\/wp\/v2\/pages"}],"about":[{"href":"https:\/\/arvayeducational.eu\/new\/wp-json\/wp\/v2\/types\/page"}],"author":[{"embeddable":true,"href":"https:\/\/arvayeducational.eu\/new\/wp-json\/wp\/v2\/users\/1"}],"replies":[{"embeddable":true,"href":"https:\/\/arvayeducational.eu\/new\/wp-json\/wp\/v2\/comments?post=465"}],"version-history":[{"count":35,"href":"https:\/\/arvayeducational.eu\/new\/wp-json\/wp\/v2\/pages\/465\/revisions"}],"predecessor-version":[{"id":25776,"href":"https:\/\/arvayeducational.eu\/new\/wp-json\/wp\/v2\/pages\/465\/revisions\/25776"}],"up":[{"embeddable":true,"href":"https:\/\/arvayeducational.eu\/new\/wp-json\/wp\/v2\/pages\/131"}],"wp:attachment":[{"href":"https:\/\/arvayeducational.eu\/new\/wp-json\/wp\/v2\/media?parent=465"}],"curies":[{"name":"wp","href":"https:\/\/api.w.org\/{rel}","templated":true}]}}